, 5
Let j be (10 + 132/(-15))/((-6)/(-20)). Suppose -2*h = -5*y - 773, 2*h = j*h + 5*y - 743. List the prime factors of h.
379
Suppose -3*a + 3 = m, 5*m - 95 = -3*a + 4*a. Let b = 12 - m. Let z = b - -46. What are the prime factors of z?
2, 5
Suppose 6*w + 1 = 25. Suppose -4*r + 3*n - 7 = 8*n, r - w*n - 14 = 0. List the prime factors of r - (2 + 0 + -74).
2, 37
Let l(b) be the second derivative of 9*b**3/2 - 2*b**2 - 210*b. Let z = 4 - 0. What are the prime factors of l(z)?
2, 13
What are the prime factors of (11 + -7 - 782)*(9 + 27)*-1?
2, 3, 389
Suppose 3*h + 5 = 11. Let u(r) = 8*r**2 + 2*r - 1. What are the prime factors of u(h)?
5, 7
Let i(n) = n**3 + n**2 + 8*n - 9. Let z(k) = -k**3 - k + 1. Let x(l) = -i(l) - 3*z(l). Suppose -o + b - 4*b = -16, 4 = 2*o - b. List the prime factors of x(o).
2, 7
Let j(i) = -154*i - 174. Suppose 34*f - 40 = 38*f. What are the prime factors of j(f)?
2, 683
Let p = 152 - 313. Let i = p - -179. List the prime factors of i.
2, 3
Let z(q) = -6*q**3 - 8*q**2 - 11. Let u(j) = 7 + 8*j**2 - j + 7*j**3 + 2 + 3. Let w(v) = 5*u(v) + 6*z(v). What are the prime factors of w(-8)?
2, 17
Let g(u) = 68*u - 19. Let f be g(2). Suppose 3*h = -4*k + 178 + 68, h - 242 = -4*k. Let d = f - k. List the prime factors of d.
3, 19
Suppose 8 = v + 5*y, 2*y = -2*v + 13 + 3. Let t be ((-2)/v*6)/((-3)/4). Suppose t*k - 82 + 2 = 0. List the prime factors of k.
2, 5
Let c = 92107 - 62705. What are the prime factors of c?
2, 61, 241
Let n = -872 + 875. What are the prime factors of 837/62*(2*111)/n?
3, 37
Suppose -z - 11*g + 9*g + 2577 = 0, 2587 = z + 4*g. What are the prime factors of z?
17, 151
Suppose 4*t + 2*u - 80 = 4*u, 5*t - 2*u = 100. Let o be 125/t + 9/12. Let x = o - -26. What are the prime factors of x?
3, 11
Suppose -4*u = 4*w - u, 4*u = -5*w - 1. Suppose -w*j = f - 2898, -2*j = 3*j - f - 4822. Suppose -j = -88*o + 83*o. List the prime factors of o.
193
List the prime factors of (-6)/(-14)*18/27 + (-13008177)/(-343).
5, 37, 41
Suppose -186*o + 202*o = 30288. List the prime factors of o.
3, 631
Suppose -1562007 + 11654896 = 427*t - 10837797. What are the prime factors of t?
2, 24509
Let q(x) = -2*x**3 - 8*x**2 + 10*x - 5. Suppose 0 = 26*i - 33*i - 42. List the prime factors of q(i).
79
Let u(s) = -2*s**3 - 2*s**2 + s + 202. Let k be u(0). Suppose 830 = 12*c - k. Suppose x - 144 = 4*q + c, -2*q = -3*x + 670. What are the prime factors of x?
2, 3, 37
Let m be -4 + 1 + (-76104)/(-84). Suppose 2*q + h = m, h + 30 = 25. What are the prime factors of q?
2, 227
Suppose 83*w - 1495095 = -11*w - 11*w. List the prime factors of w.
29, 491
Let m be (10/(20/3))/((-1)/(-2)). Suppose -6*d + d - 226 = -q, -2*d - 730 = -m*q. What are the prime factors of q?
2, 3, 41
Let x be 33940/220 - 3/11. Let o = -52 - -84. Suppose -3*a + x = -o. List the prime factors of a.
2, 31
Let i(n) = -6*n - 34. Let k be i(-6). Suppose k*u - 506 = -84. List the prime factors of u.
211
Suppose 0 = i + 5*t - 461 - 609, -4*i + 4234 = -3*t. Let z = i - 648. List the prime factors of z.
2, 103
Suppose -113*r + 99*r + 100786 = 0. List the prime factors of r.
23, 313
Let r = 3672 + -3676. Let y(l) = l. Let q(v) = 27*v + 11. Let c(f) = -q(f) + 5*y(f). List the prime factors of c(r).
7, 11
What are the prime factors of (-3)/(84/8) - 737776/(-112)?
7, 941
Let x(s) = 17 + s**2 - s**3 - 10*s - 2*s**2 - 8*s**2 - 2*s**2. Let g be x(-11). What are the prime factors of 14/(-35) - g/(-5)?
5
Suppose -5*i + 6*w + 5 = w, -3*i + 2*w + 8 = 0. Suppose 0 = -7*s + i*s - 10. Let k(c) = c**2 + 9. What are the prime factors of k(s)?
109
Suppose -2*c = -x + 45292 - 3198, 42157 = x + 5*c. List the prime factors of x.
2, 7, 47
Let r = -6998 - -12371. What are the prime factors of r?
3, 199
Suppose 30*p - 189312 = 46*p. What are the prime factors of 24/3 + p/(-17)?
2, 11
Let q(n) be the third derivative of 5/24*n**4 + 0*n - 1/2*n**3 + 0 + 22*n**2 + 1/10*n**5. What are the prime factors of q(1)?
2
Let t = 386 - 625. Let s = 15 - t. What are the prime factors of s?
2, 127
Suppose -859*r = -863*r + 2*f + 56864, 56888 = 4*r + 2*f. List the prime factors of r.
59, 241
Let u(d) = -d**2 - 15*d + 2 - 3*d**2 + 8*d**2 + 5*d + 8*d**3. Let v be u(5). Suppose 4*y + 3*h = 1032, -4*y + v = -0*h - 2*h. What are the prime factors of y?
3, 29
Let w(r) = -2*r**2 - 24 + 27 - 33 + 10*r**2. What are the prime factors of w(5)?
2, 5, 17
Let m = 335 - 114. Let p(c) = -c + 16. Let u be p(14). Suppose -o + 108 = 5*i - i, u*o = -3*i + m. List the prime factors of o.
2, 7
Let y be (8/(-14))/(16/(-112)). Suppose 3*a + 11 = -0*a - 5*q, 0 = 3*a - y*q - 25. Suppose a*j + 5*o = 161, 0*j + 5*o + 74 = 2*j. List the prime factors of j.
47
Suppose 0 = 4*g + 5*s - 12, 0 = g - 0*g - 2*s + 10. What are the prime factors of -2 + (-3995)/(-15) + g/(-3)?
5, 53
Let a be (-6)/(-5) - 80226/(-45). Suppose -3*i - 398 = -a. List the prime factors of i.
2, 3, 7, 11
Let h(s) = s**3 - 9*s**2 - 24*s + 17. Let l be h(13). Suppose -3*z = -2*i + l, -8*i + 2*z = -5*i - 569. What are the prime factors of i?
3, 7
List the prime factors of 4/7*11/((-440)/(-65380)).
2, 467
Let u(l) = -l**3 + 10*l**2 + 3*l - 11. Let s be u(10). Suppose s = 5*y - 21. What are the prime factors of 108/16 - (-2)/y?
7
Suppose -109*o + 5052136 = 134*o + 110*o. What are the prime factors of o?
2, 1789
Suppose 0 = -3*j + 26 + 43. Suppose y = 4*r + j, -r - 31 = -2*y + 4*r. Suppose 198 + 150 = y*o. List the prime factors of o.
2, 29
Suppose 12*k + 9183 + 485793 = 44*k. List the prime factors of k.
2, 3, 1289
Suppose -2*d - 11 = -9. Let s(i) = -19*i**3 + i**2 + 3*i + 1. Let g be s(d). Let p = g + 30. What are the prime factors of p?
2, 3
Let y(m) = -30*m - 110. Let u be y(-27). Let c = 1269 - u. List the prime factors of c.
569
Let z = -227 - -221. Let k(t) = -105*t - 82. List the prime factors of k(z).
2, 137
Let d be 8/((-2)/(-18)*3). Let a(h) = -h**2 + 24*h - 36. Let w be a(15). Let x = w - d. List the prime factors of x.
3, 5
Let t be -184*((-4)/14 - 55/(-70)). Let s = -7 - t. Let z = s + -72. List the prime factors of z.
13
Suppose o = -3*c + 30006, c - 10002 = 427*o - 426*o. What are the prime factors of c?
2, 3, 1667
Let u(q) = q + 9. Let y be u(-4). Suppose -f = -0*j + j + 20, -y*f = j + 100. Let o = 67 - f. What are the prime factors of o?
3, 29
Suppose h + t - 2206 = 0, -923 + 3113 = h - 3*t. List the prime factors of h.
2, 3, 367
Suppose 0 = 62*a - 82826 - 117000. List the prime factors of a.
11, 293
Suppose -5*l - 2*s + 3*s + 23 = 0, -4*l - 5*s = -1. Suppose -5*q - 5*x = -545, l*q = q - x + 317. Suppose -3*k - q = -5*k. List the prime factors of k.
2, 13
Let z be 390/52 + ((-2)/(-4) - 2). Suppose -z*k = -16*k + 2130. What are the prime factors of k?
3, 71
Let d = -23634 - -28841. List the prime factors of d.
41, 127
Let d(l) = 7*l - 57 - 14*l + 30*l - 26. List the prime factors of d(13).
2, 3
Suppose 5*l = -4*y + 24188, -11*y - 12092 = -13*y - 3*l. What are the prime factors of y?
2, 17, 89
Suppose 36*o - 15*o = -349104. What are the prime factors of (-2)/31 + o/(-124)?
2, 67
Let i = 149 - 149. Suppose -2*b - 3*s + 650 = i, -4*b + 20*s - 18*s = -1316. List the prime factors of b.
2, 41
Let t(l) = -2066*l - 3858. What are the prime factors of t(-21)?
2, 3, 61
Suppose -2*c + 2 = -22. Suppose -5*w - d + 747 = 0, 185 = 5*w + 3*d - 566. Let i = w + c. List the prime factors of i.
7, 23
Let b(v) = 268*v**2 + 33*v - 18. Let n be b(4). Suppose 10*z + 5882 = 4*i + 5*z, z = -3*i + n. What are the prime factors of i?
2, 367
Let b be ((-2)/(-3))/(12/(-36)) - -1273. Let o = 1911 - b. What are the prime factors of o?
2, 5
Suppose -2*s - 8 = 0, -1637 = 4*c - 4*s - 437. Let j = 429 + c. List the prime factors of j.
5
Let p(k) = -35*k + 160. Let l(v) = -38*v**2 + 2*v - 1. Let b be l(1). List the prime factors of p(b).
3, 5, 97
Suppose 14*b - 6680 = -1052. Let r = 1021 - b. What are the prime factors of r?
619
Let w(r) = r + 2. Let f be w(0). Suppose 1 = -t + 5*y + 4, f*t = 2*y + 6. Suppose 4*k - 3*k = -4*d + 14, t*k + 9 = 5*d. List the prime factors of k.
2
Let g = -141 + 151. Let f = g + 162. What are the prime factors of f?
2, 43
Suppose -705 = -t + 478. Let k = -827 + t. List the prime factors of k.
2, 89
Let o = 83413 - 55717. List the prime factors of o.
2, 3, 577
Let n(b) = -2*b**3 -